the highest common factor of 260 and 10840.
20
Calculate the highest common factor of 596 and 116.
4
What is the greatest common factor of 3640 and 310?
10
Calculate the greatest common divisor of 16100 and 432600.
700
Calculate the highest common divisor of 4 and 60524.
4
Calculate the greatest common divisor of 384 and 342480.
48
What is the highest common factor of 225 and 63795?
15
What is the greatest common factor of 8 and 467304?
8
Calculate the highest common divisor of 24840 and 5336.
184
Calculate the highest common factor of 4869 and 36.
9
What is the highest common factor of 672 and 46872?
168
What is the greatest common factor of 1254 and 27702?
114
Calculate the highest common divisor of 120 and 80592.
24
What is the greatest common divisor of 34 and 65722?
34
Calculate the greatest common factor of 84 and 2784.
12
What is the highest common factor of 12187538 and 374?
374
What is the highest common factor of 112 and 7568?
16
Calculate the greatest common divisor of 124313 and 172.
43
Calculate the greatest common divisor of 85740 and 3540.
60
Calculate the highest common divisor of 14 and 24234.
14
Calculate the highest common factor of 2080 and 643760.
1040
Calculate the greatest common divisor of 272 and 20224.
16
Calculate the greatest common factor of 20 and 9891940.
20
Calculate the greatest common divisor of 46992 and 6.
6
Calculate the greatest common factor of 58696 and 20976.
184
Calculate the highest common divisor of 1507 and 4279.
11
Calculate the highest common factor of 8514 and 682.
22
Calculate the highest common divisor of 69782 and 50922.
1886
Calculate the highest common factor of 396 and 96030.
198
Calculate the highest common divisor of 47089 and 15190.
1519
Calculate the greatest common divisor of 52377 and 136.
17
Calculate the greatest common divisor of 7904 and 510796.
988
Calculate the highest common divisor of 8050 and 3500.
350
What is the greatest common factor of 3525 and 1200?
75
What is the greatest common factor of 105 and 18405?
15
What is the highest common factor of 5831 and 17689?
49
What is the highest common divisor of 308 and 5516?
28
What is the highest common divisor of 1902 and 698034?
1902
Calculate the highest common factor of 410165 and 35.
35
What is the highest common factor of 212904 and 90?
18
What is the highest common factor of 608 and 81415?
19
What is the greatest common divisor of 37 and 186887?
37
Calculate the highest common divisor of 1080 and 8280.
360
What is the greatest common factor of 2571255 and 60?
15
What is the highest common divisor of 368502 and 12?
6
What is the greatest common divisor of 4949 and 56?
7
Calculate the greatest common factor of 2748300 and 25.
25
Calculate the greatest common factor of 1309 and 1030183.
1309
Calculate the highest common factor of 14 and 1233491.
7
Calculate the greatest common divisor of 26 and 727324.
26
What is the highest common factor of 93127 and 46?
23
Calculate the highest common divisor of 165 and 3340645.
55
What is the greatest common factor of 367 and 583?
1
What is the highest common divisor of 17664 and 512?
256
What is the highest common divisor of 6634 and 200942?
62
What is the greatest common divisor of 18462 and 30227?
181
Calculate the greatest common divisor of 437 and 1403.
23
What is the greatest common factor of 3212 and 21316?
292
Calculate the greatest common divisor of 771685 and 19.
19
Calculate the greatest common factor of 26662646 and 838.
838
What is the highest common divisor of 988 and 190?
38
What is the highest common divisor of 223 and 1525097?
223
What is the greatest common divisor of 3034 and 3854?
82
What is the highest common factor of 488433 and 209?
209
What is the greatest common divisor of 421894 and 3937?
127
What is the greatest common divisor of 36308 and 2668?
116
What is the highest common divisor of 4625 and 1184?
37
Calculate the highest common divisor of 22035898 and 134.
134
Calculate the greatest common divisor of 1793 and 869.
11
Calculate the highest common factor of 18075897 and 1197.
1197
Calculate the highest common factor of 2899 and 182.
13
What is the greatest common divisor of 342534 and 12?
6
What is the highest common factor of 1794 and 65596?
46
What is the greatest common divisor of 34029 and 1368?
171
Calculate the highest common divisor of 57007 and 15.
1
What is the greatest common factor of 95733 and 803?
11
Calculate the greatest common factor of 2 and 1956.
2
What is the greatest common factor of 93 and 736963?
31
What is the greatest common factor of 10611 and 2227?
131
What is the greatest common divisor of 1511493 and 129?
129
Calculate the greatest common divisor of 42 and 213423.
21
What is the highest common factor of 96 and 4344?
24
What is the greatest common factor of 26277 and 39?
3
Calculate the greatest common divisor of 112 and 29057.
7
What is the highest common factor of 990 and 83050?
110
What is the greatest common factor of 21311 and 2727?
101
Calculate the greatest common divisor of 3060 and 278766.
306
Calculate the greatest common divisor of 448800 and 51.
51
What is the highest common divisor of 3416 and 2296?
56
Calculate the highest common factor of 1525069 and 91.
91
What is the highest common factor of 40 and 305960?
40
Calculate the highest common divisor of 12272 and 364.
52
What is the greatest common factor of 2907 and 17461?
19
What is the highest common divisor of 8 and 185216?
8
What is the greatest common divisor of 32 and 389216?
32
Calculate the highest common factor of 675 and 1857465.
135
What is the greatest common factor of 53550 and 4410?
630
Calculate the greatest common factor of 1711 and 4720.
59
What is the greatest common divisor of 10191 and 43?
43
What is the greatest common factor of 10005 and 1164060?
435
Calculate the greatest common factor of 1500 and 484800.
300
What is the greatest common divisor of 2482 and 13855?
17
Calculate the highest common divisor of 700 and 49980.
140
Calculate the highest common divisor of 627 and 145882.
209
Calculate the greatest common divisor of 546 and 636.
6
What is the highest common factor of 7238 and 638?
22
Calculate the greatest common divisor of 11492 and 68.
68
Calculate the highest common divisor of 49097 and 319.
29
Calculate the highest common divisor of 460416 and 48.
48
Calculate the highest common divisor of 112817 and 909.
101
What is the greatest common factor of 42 and 208194?
42
Calculate the highest common factor of 416 and 676.
52
What is the greatest common divisor of 714 and 142698?
102
What is the greatest common factor of 559440 and 54?
54
What is the greatest common divisor of 174895 and 1995?
665
Calculate the highest common factor of 7779 and 6.
3
Calculate the highest common divisor of 1380 and 63020.
460
What is the greatest common divisor of 305 and 729865?
305
Calculate the highest common factor of 43040 and 5.
5
Calculate the highest common divisor of 214 and 148195.
107
Calculate the greatest common factor of 596 and 436868.
596
What is the highest common divisor of 48087 and 4563?
351
What is the highest common divisor of 8 and 9022?
2
Calculate the greatest common divisor of 24308 and 75602.
206
Calculate the highest common divisor of 460 and 62500.
20
What is the highest common factor of 11 and 1787577?
11
Calculate the greatest common divisor of 2490 and 240.
30
Calculate the highest common factor of 597 and 3204298.
199
Calculate the greatest common divisor of 9175 and 1468.
367
Calculate the highest common divisor of 4025 and 427.
7
Calculate the highest common factor of 8414 and 70.
14
Calculate the greatest common divisor of 5219 and 12280.
307
Calculate the greatest common factor of 7663 and 869.
79
Calculate the greatest common divisor of 50974 and 56.
14
What is the highest common divisor of 7266037 and 551?
551
What is the greatest common divisor of 47044 and 5571?
619
Calculate the greatest common factor of 85 and 2924255.
85
What is the greatest common factor of 25027 and 58?
29
Calculate the greatest common factor of 3185 and 80.
5
What is the greatest common factor of 73406 and 4046?
578
Calculate the greatest common factor of 44302 and 68.
34
What is the highest common divisor of 348 and 32?
4
Calculate the highest co